t is s(-58)?
47
Let x(z) = -7*z**2 + 8548*z - 519487. Give x(1157).
6
Let r(j) = -j**3 + 14*j**2 + 488*j + 2114. What is r(-12)?
2
Let t(n) = 19312*n + 3244418. Calculate t(-168).
2
Let j(l) = -3745*l + 14967. Give j(4).
-13
Let c(q) = 57098*q + 1313143. What is c(-23)?
-111
Let h(n) = 397*n + 17177. What is h(-43)?
106
Let z(r) = -4*r**3 + 477*r**2 - 588*r + 1042. What is z(118)?
1278
Let p(r) = -8063*r - 56376. Give p(-7).
65
Let u(i) = -61*i**2 + 3480*i + 6965. Determine u(-2).
-239
Let a(i) = -589*i + 26037. What is a(44)?
121
Let h(q) = -14926*q + 775979. Give h(52).
-173
Let z(t) = -t**3 - 24*t**2 + 421*t + 962. What is z(-35)?
-298
Let y(h) = 1258985*h + 5035869. Determine y(-4).
-71
Let w(s) = 29*s**3 - 78*s**2 - 9*s + 5. Give w(-3).
-1453
Let x(u) = -163*u + 2024. Determine x(13).
-95
Let k(j) = -2183*j - 1211. What is k(-1)?
972
Let w(b) = 1229*b - 1778. What is w(2)?
680
Let b(y) = -174*y**2 + 39164*y - 3153. What is b(225)?
-3
Let z(a) = -a**3 + 431*a**2 + 16318*a + 308. Give z(-35).
28
Let i(x) = 185*x - 8877. What is i(48)?
3
Let j(r) = -r**3 - 87*r**2 + 2589*r + 6506. Calculate j(-110).
16
Let w(k) = -1971*k - 9706. Give w(-5).
149
Let z(m) = 4*m**3 + 108*m**2 - 307*m - 10683. Give z(-26).
3
Let b(z) = -787*z + 3053. Calculate b(4).
-95
Let v(s) = 74*s + 1062. Determine v(-18).
-270
Let f(l) = -6*l**2 + 12*l - 36. Calculate f(-5).
-246
Let m(g) = 6714*g + 556840. Give m(-83).
-422
Let c(a) = 27072*a + 460221. Determine c(-17).
-3
Let p(q) = -966*q + 256323. Determine p(265).
333
Let c(n) = -176*n - 25948. Calculate c(-167).
3444
Let v(b) = 2*b**3 + 75*b**2 - 469*b + 200. What is v(-43)?
28
Let y(m) = -3*m**3 - 294*m**2 + 1872*m - 220. What is y(-104)?
-220
Let s(z) = -204*z**2 + 4*z - 1. Determine s(-1).
-209
Let y(l) = 14149*l + 1174347. Determine y(-83).
-20
Let z(f) = 15979*f + 894840. What is z(-56)?
16
Let p(z) = 9*z**2 - 348*z + 26. What is p(40)?
506
Let q(n) = -101*n**3 - 5*n**2 + 5540*n - 16604. Give q(3).
-2756
Let y(d) = -741*d**2 + 32516*d + 3850. What is y(44)?
-22
Let l(g) = -5326*g**2 - 5327*g. Give l(-1).
1
Let h(b) = 9479*b + 682757. Give h(-72).
269
Let k(t) = 381*t**2 + 1488*t + 18. Give k(-4).
162
Let d(u) = -7*u**3 - 54*u**2 - 42*u - 12. Determine d(-7).
37
Let r(u) = -6790*u + 27125. Calculate r(4).
-35
Let p(h) = -955*h**2 + 165*h + 7. What is p(2)?
-3483
Let h(c) = c**3 + 26*c**2 + 190*c + 3824. Calculate h(-25).
-301
Let f(t) = 79046*t + 5375107. What is f(-68)?
-21
Let v(o) = -898*o + 101644. What is v(113)?
170
Let s(i) = -16401*i + 114778. Calculate s(7).
-29
Let u(v) = -7*v**2 + 219*v - 1594. Calculate u(10).
-104
Let u(m) = -162*m + 22610. What is u(140)?
-70
Let f(l) = -l**2 - 460*l - 36530. Calculate f(-358).
-14
Let l(w) = -10310*w + 1051486. Determine l(102).
-134
Let o(d) = -d**2 - 219*d + 8224. Give o(33).
-92
Let d(q) = 3*q**3 - 41*q**2 + 4028*q - 56731. What is d(14)?
-143
Let g(n) = 17110*n**2 - 273764*n + 68. Calculate g(16).
4
Let j(z) = z**2 - 67*z - 2879. What is j(-29)?
-95
Let w(v) = -8*v**3 + 375*v**2 + 475*v - 297. What is w(48)?
1767
Let a(p) = 151*p**2 + 4212*p + 9. Give a(-28).
457
Let v(l) = -213*l - 1571. Calculate v(-7).
-80
Let j(b) = -b**2 + 1060*b + 372243. Calculate j(-278).
279
Let q(i) = -22300*i - 134149. What is q(-6)?
-349
Let n(a) = -2462*a + 167383. Determine n(68).
-33
Let h(q) = -15*q**3 + 403*q**2 + 60*q - 145. What is h(27)?
17
Let o(v) = -2*v**3 - 70*v**2 - 422*v - 83. What is o(-27)?
-353
Let l(w) = 714*w - 12255. Calculate l(17).
-117
Let q(i) = -i**3 + 205*i**2 - 2031*i + 733. Calculate q(10).
-77
Let t(r) = 5*r**3 + 3*r**2 - 85044*r + 85041. Determine t(1).
5
Let h(a) = 2*a**3 + 96*a**2 + 237*a - 965. What is h(-5)?
0
Let z(a) = -4*a**3 + 42*a**2 - 561*a + 5418. Give z(10).
8
Let i(c) = -c**3 - 20*c**2 - 835*c - 10486. Calculate i(-14).
28
Let a(h) = -h**2 - 43609*h - 305214. Calculate a(-7).
0
Let h(g) = 324*g - 69215. Determine h(213).
-203
Let j(c) = 31741*c + 96581. Determine j(-3).
1358
Let c(w) = w**2 + 4683*w + 42076. Calculate c(-9).
10
Let h(q) = -12*q**2 - 2726*q + 16582. What is h(6)?
-206
Let s(k) = 681*k**2 - 20908*k - 6300. Determine s(31).
-7
Let g(f) = -632*f + 31714. Calculate g(50).
114
Let q(g) = 602391*g - 602397. Give q(1).
-6
Let b(h) = 115*h - 9864. Give b(107).
2441
Let i(t) = -5*t**3 + 26*t**2 + 284*t + 102. What is i(-5)?
-43
Let u(c) = -5353*c - 34138. What is u(-6)?
-2020
Let c(g) = 2*g**3 + 1168*g**2 - 2319*g + 14653. Give c(-586).
3
Let g(j) = -2525*j + 1121051. What is g(444)?
-49
Let c(w) = w**3 - 139*w**2 + 4802*w + 1965. What is c(70)?
5
Let t(d) = -6*d**2 + 4307*d + 12977. Calculate t(-3).
2
Let i(y) = -439*y**2 + 8290*y + 8293. Give i(-1).
-436
Let b(f) = -8*f**2 - 122*f - 1036. Give b(-9).
-586
Let r(v) = 10*v**2 + 40*v + 29. Give r(-11).
799
Let a(h) = -40921*h - 9043552. Give a(-221).
-11
Let t(h) = -5*h**2 - 2264*h - 181147. Determine t(-349).
-16
Let v(r) = -877*r - 45725. What is v(-52)?
-121
Let l(r) = 15276*r - 16391155. Calculate l(1073).
-7
Let o(k) = -3*k**2 - 65*k + 214. What is o(-31)?
-654
Let g(a) = 383*a**3 + 1547*a**2 + a - 3. What is g(-4)?
233
Let c(p) = 52*p**3 + 3*p**2 + 6*p - 8. Calculate c(-2).
-424
Let i(u) = u**3 - 20*u**2 + 68*u - 573. Determine i(18).
3
Let v(l) = -7*l**2 - 342*l + 191. What is v(-45)?
1406
Let z(a) = 2*a**3 - 29*a**2 + 10*a - 393. What is z(11)?
-1130
Let v(f) = 1021*f - 7208. What is v(7)?
-61
Let l(t) = 338*t**2 + 7458*t - 15672. Calculate l(-24).
24
Let y(p) = -8*p + 914. Calculate y(22).
738
Let x(v) = 13147*v - 499641. Calculate x(38).
-55
Let b(d) = -6*d**2 - 822*d - 11001. Calculate b(-15).
-21
Let a(l) = -2*l**3 + 64*l**2 - 268*l + 44. Determine a(4).
-132
Let c(b) = 51*b**3 - 3680*b**2 + 7705*b - 352. What is c(70)?
-2
Let d(a) = 403*a**2 - 2061*a - 30. What is d(5)?
-260
Let j(i) = -i**3 + 46*i**2 + 700*i + 118. Determine j(-12).
70
Let a(t) = 8*t**2 + 1192*t + 34337. Calculate a(-39).
17
Let y(k) = -660*k + 61808. What is y(94)?
-232
Let y(z) = -39*z**3 - 2*z**2 - 171*z + 522. Determine y(3).
-1062
Let u(c) = -c**3 + 242*c**2 - 948*c - 1073. What is u(238)?
-121
Let i(t) = -4145*t + 414505. Determine i(100).
5
Let w(h) = 6436*h - 38464. Calculate w(6).
152
Let s(x) = 2*x**2 + 10989*x - 65999. Calculate s(6).
7
Let d(r) = 4479512*r - 26877064. What is d(6)?
8
Let v(m) = -6*m**3 - 10*m**2 - 26*m - 237. Calculate v(-7).
1513
Let t(l) = -2*l**3 + 163*l**2 + 85*l + 51. Calculate t(82).
297
Let x(o) = o**2 - 167*o + 6170. Calculate x(115).
190
Let x(k) = -k**2 - 6*k + 6408. Determine x(-83).
17
Let h(n) = -32*n**3 - 43*n**2 - 120*n - 76. What is h(-1)?
33
Let q(r) = 563*r**2 - 1090*r - 10. Determine q(2).
62
Let y(i) = -i**3 + 47*i**2 + 1208*i - 2498. Calculate y(65).
-28
Let h(x) = 38*x**2 + 1525*x + 97. Calculate h(-40).
-103
Let p(l) = 80*l**2 - 8960*l + 34. What is p(112)?
34
Let q(t) = -t**2 + 283*t - 128. Give q(0).
-128
Let d(t) = -344*t + 27010. Calculate d(77).
522
Let u(r) = -6*r**3 + 23*r**2 - 113*r + 142. Give u(7).
-1580
Let g(m) = -19*m**2 + 3086*m - 21846. Calculate g(155).
9
Let h(z) = 2*z**3 - 15*z**2 - 12*z + 3. What is h(10)?
383
Let g(r) = r**3 + 9*r**2 - 1576*r - 15955. Determine g(-10).
-295
Let t(s) = -5761*s - 52007. What is t(-9)?
-158
Let n(c) = -2*c**3 - 63*c**2 - 61*c + 51. Determine n(-30).
-819
Let r(g) = -g**3 + 46*g**2 + 69*g - 865. Calculate r(47).
169
Let y(i) = -6*i**3 + 118*i**2 + 748*i + 10. Calculate y(-5).
-30
Let y(u) = -14*u**2 - 1362*u - 1749. Calculate y(-96).
-21
Let u(t) = 9*t**2 + 1702*t + 45360. Calculate u(-157).
-13
Let l(o) = -8*o**2 + 976*o + 16985. Calculate l(-17).
-1919
Let n(i) = -41210*i + 41760. Determine n(1).
550
Let k(o) = -o**3 + 183*o**2 + 1798*o - 51570. Calculate k(191).
0
Let k(h) = 602*h - 48234. Give k(78).
-1278
Let q(j) = 22*j**3 + 2134*j**2 - 1333*j - 129311. Determine q(-97).
-10
Let o(n) = -3*n**3 - 998*n**2 + 343*n + 3758. Give o(-333).
428
Let a(p) = 3003*p - 1278. Give a(0).
-1278
Let c(v) = -2*v**3 + 284*v**2 - 274*v - 1093. Calculate c(141).
35
Let t(h) = -5*h**2 - 423*h - 497. Calculate t(-84).
-245
Let p(k) = 2605*k + 28797. What is p(-11)?
142
Let p(q) = 51869*q + 2282272. What is p(-44)?
36
Let i(b) = 89*b**2 + 37556*b - 850. Calculate i(-422).
-6
Let b(u) = u**2 - 10231*u - 10221. Determ